{"id":7981,"date":"2024-05-23T17:44:33","date_gmt":"2024-05-23T16:44:33","guid":{"rendered":"https:\/\/mitibags.com\/?post_type=product&#038;p=7981"},"modified":"2024-10-27T21:08:11","modified_gmt":"2024-10-27T20:08:11","slug":"pouch-mala-de-mao-de-pele-camel","status":"publish","type":"product","link":"https:\/\/mitibags.com\/pt-pt\/product\/malas-em-pele\/malas-de-mao\/pouch-mala-de-mao-de-pele-camel\/","title":{"rendered":"Pouch Mala de M\u00e3o de Pele Camel"},"content":{"rendered":"<h2>Pouch Mala de M\u00e3o de Pele Camel<\/h2>\n<p>&nbsp;<\/p>\n<p>Confeccionada em <strong>pele genu\u00edna e fabricada em It\u00e1lia<\/strong> pelos nossos artes\u00e3os experientes, a <strong>Pouch Mala de M\u00e3o de Pele Camel <\/strong>\u00e9 um sonho tornado realidade para todas as fashionistas e a mala perfeita para quem procura uma op\u00e7\u00e3o elegante e moderna que ir\u00e1 certamente faz\u00ea-la destacar-se<br \/><strong>Com 39 cm de largura x 23 cm de altura,<\/strong> a Pouch Mala de M\u00e3o de Pele Camel tem capacidade para levar desde os seus essenciais, como carteira, telem\u00f3vel, \u00f3culos de sol mas tamb\u00e9m um pequeno livro ou mini tablet. O interior, feito em forro de sarja de algod\u00e3o, \u00e9 bastante espa\u00e7oso e tem um pequeno bolso com fecho zip, ajudando a manter a sua mala organizada e os seus objetos f\u00e1ceis de encontrar.<\/p>\n<p>Embora tenha sido desenhado para ser usado como mala de m\u00e3o ou clutch, sabemos que por vezes seria mais f\u00e1cil poder us\u00e1-la como mala de ombro ou tiracolo. Assim, para lhe garantir esse conforto e versatilidade, mas tamb\u00e9m tendo em conta que, se escolheu este modelo, estar\u00e1 interessada numa mala com um estilo mais elegante, a nossa mala Pouch Mala de M\u00e3o de Pele Camel <strong>vem com duas al\u00e7as extra \u2013 1 em corrente dourada \/a mesma cor do resto das ferragens da mala) e outra ajust\u00e1vel<\/strong>, no mesmo estilo e cor de pele do resto da mala. A al\u00e7a dourada \u00e9 perfeita para usar a sua mala como mala de ombro, enquanto que a al\u00e7a de pele pode ser usada como mala de ombro mas tamb\u00e9m como mala a tiracolo, j\u00e1 que a al\u00e7a \u00e9 ajust\u00e1vel.<\/p>\n<p>Se adora uma personaliza\u00e7\u00e3o pode adicionar as suas iniciais \u00e0 Pouch Mala de M\u00e3o de Pele Bege tornando-a unicamente sua. Para o fazer clique no botao personalizar e d\u00ea hoje o toque de luxo \u00e0 sua mala personalizando-a com as suas iniciais ou at\u00e9 mesmo um dos emojis dispon\u00edveis.<\/p>\n<p>Veja <a href=\"https:\/\/mitibags.com\/acessorios-malas\/\">aqui<\/a> a nossa sele\u00e7\u00e3o de acess\u00f3rios e d\u00ea um toque pessoal \u00e0 sua mala.<\/p>\n<p>&nbsp;<\/p>\n<p><strong>Tamanho: <\/strong>38x5x21 cm<\/p>\n<p><strong>Material Exterior: <\/strong>Pele Genu\u00edna<\/p>\n<p><strong>Material <\/strong> <strong> Interior: <\/strong>Pele Genu\u00edna<\/p>\n<p><strong>Cor:<\/strong> Camel<\/p>\n<p><strong>Cor das Ferragens:<\/strong> Dourado<\/p>\n<p>&nbsp;<\/p>\n<p>Siga-nos no <a href=\"https:\/\/www.instagram.com\/mitibags\/\" target=\"_blank\" rel=\"noopener\">Instagram<\/a> e <a href=\"https:\/\/www.facebook.com\/MitiBags\/\" target=\"_blank\" rel=\"noopener\">Facebook <\/a> e fa\u00e7a parte da nossa comunidade.<\/p>\n","protected":false},"excerpt":{"rendered":"<p>Produzida com a <strong>melhor pele genu\u00edna texturada <\/strong>e com um tamanho de 39 cm de largura por 23 cm de altura, a<strong> Pouch Mala de mao em pele Camel<\/strong> \u00e9 um sonho tornado realidade para a maioria das fashionistas. Personalize-a com as suas iniciais e torne-a unicamente sua.<\/p>\n","protected":false},"featured_media":7784,"comment_status":"open","ping_status":"closed","template":"","meta":[],"product_brand":[],"product_cat":[61],"product_tag":[309,758,757],"class_list":{"0":"post-7981","1":"product","2":"type-product","3":"status-publish","4":"has-post-thumbnail","6":"product_cat-malas-de-mao","7":"product_tag-mala-de-mao-de-pele","8":"product_tag-mala-de-mao-de-pele-camel","9":"product_tag-pouch-mala-de-mao-de-pele-camel","10":"tm-has-options","12":"first","13":"outofstock","14":"taxable","15":"shipping-taxable","16":"purchasable","17":"product-type-simple"},"_links":{"self":[{"href":"https:\/\/mitibags.com\/pt-pt\/wp-json\/wp\/v2\/product\/7981","targetHints":{"allow":["GET"]}}],"collection":[{"href":"https:\/\/mitibags.com\/pt-pt\/wp-json\/wp\/v2\/product"}],"about":[{"href":"https:\/\/mitibags.com\/pt-pt\/wp-json\/wp\/v2\/types\/product"}],"replies":[{"embeddable":true,"href":"https:\/\/mitibags.com\/pt-pt\/wp-json\/wp\/v2\/comments?post=7981"}],"version-history":[{"count":0,"href":"https:\/\/mitibags.com\/pt-pt\/wp-json\/wp\/v2\/product\/7981\/revisions"}],"wp:featuredmedia":[{"embeddable":true,"href":"https:\/\/mitibags.com\/pt-pt\/wp-json\/wp\/v2\/media\/7784"}],"wp:attachment":[{"href":"https:\/\/mitibags.com\/pt-pt\/wp-json\/wp\/v2\/media?parent=7981"}],"wp:term":[{"taxonomy":"product_brand","embeddable":true,"href":"https:\/\/mitibags.com\/pt-pt\/wp-json\/wp\/v2\/product_brand?post=7981"},{"taxonomy":"product_cat","embeddable":true,"href":"https:\/\/mitibags.com\/pt-pt\/wp-json\/wp\/v2\/product_cat?post=7981"},{"taxonomy":"product_tag","embeddable":true,"href":"https:\/\/mitibags.com\/pt-pt\/wp-json\/wp\/v2\/product_tag?post=7981"}],"curies":[{"name":"wp","href":"https:\/\/api.w.org\/{rel}","templated":true}]}}

Pouch Mala de Mão de Pele Camel

<h2>Pouch Mala de Mão de Pele Camel</h2>
<p>&nbsp;</p>
<p>Confeccionada em <strong>pele genuína e fabricada em Itália</strong> pelos nossos artesãos experientes, a <strong>Pouch Mala de Mão de Pele Camel </strong>é um sonho tornado realidade para todas as fashionistas e a mala perfeita para quem procura uma opção elegante e moderna que irá certamente fazê-la destacar-se<br /><strong>Com 39 cm de largura x 23 cm de altura,</strong> a Pouch Mala de Mão de Pele Camel tem capacidade para levar desde os seus essenciais, como carteira, telemóvel, óculos de sol mas também um pequeno livro ou mini tablet. O interior, feito em forro de sarja de algodão, é bastante espaçoso e tem um pequeno bolso com fecho zip, ajudando a manter a sua mala organizada e os seus objetos fáceis de encontrar.</p>
<p>Embora tenha sido desenhado para ser usado como mala de mão ou clutch, sabemos que por vezes seria mais fácil poder usá-la como mala de ombro ou tiracolo. Assim, para lhe garantir esse conforto e versatilidade, mas também tendo em conta que, se escolheu este modelo, estará interessada numa mala com um estilo mais elegante, a nossa mala Pouch Mala de Mão de Pele Camel <strong>vem com duas alças extra – 1 em corrente dourada /a mesma cor do resto das ferragens da mala) e outra ajustável</strong>, no mesmo estilo e cor de pele do resto da mala. A alça dourada é perfeita para usar a sua mala como mala de ombro, enquanto que a alça de pele pode ser usada como mala de ombro mas também como mala a tiracolo, já que a alça é ajustável.</p>
<p>Se adora uma personalização pode adicionar as suas iniciais à Pouch Mala de Mão de Pele Bege tornando-a unicamente sua. Para o fazer clique no botao personalizar e dê hoje o toque de luxo à sua mala personalizando-a com as suas iniciais ou até mesmo um dos emojis disponíveis.</p>
<p>Veja <a href="https://mitibags.com/acessorios-malas/">aqui</a> a nossa seleção de acessórios e dê um toque pessoal à sua mala.</p>
<p>&nbsp;</p>
<p><strong>Tamanho: </strong>38x5x21 cm</p>
<p><strong>Material Exterior: </strong>Pele Genuína</p>
<p><strong>Material </strong> <strong> Interior: </strong>Pele Genuína</p>
<p><strong>Cor:</strong> Camel</p>
<p><strong>Cor das Ferragens:</strong> Dourado</p>
<p>&nbsp;</p>
<p>Siga-nos no <a href="https://www.instagram.com/mitibags/" target="_blank" rel="noopener">Instagram</a> e <a href="https://www.facebook.com/MitiBags/" target="_blank" rel="noopener">Facebook </a> e faça parte da nossa comunidade.</p>

<p>Produzida com a <strong>melhor pele genuína texturada </strong>e com um tamanho de 39 cm de largura por 23 cm de altura, a<strong> Pouch Mala de mao em pele Camel</strong> é um sonho tornado realidade para a maioria das fashionistas. Personalize-a com as suas iniciais e torne-a unicamente sua.</p>
